e value of 2 - (6 - 2 - (0 + 6))?
4
What is the value of 0 + 5 + (14 - 13)?
6
5 - (1 + 3 - 3)
4
What is the value of -10 + 0 + -1 - -8?
-3
Calculate -2 + 4 + -6 - (-4 + 5).
-5
-4 - (-6 + (-6 - -13))
-5
-4 + 6 + 3 + -5
0
Calculate (3 - 6 - 1) + 1.
-3
Evaluate ((-4 - 1) + 8 - 6) + -2.
-5
Calculate -1 - -11 - ((3 - -3) + -3).
7
What is the value of (-3 - (1 - 11)) + -4 + 2?
5
4 + (-16 - -3) - -4
-5
Evaluate 1 + 6 + 4 + -13.
-2
Calculate 8 - ((-7 - -9) + 10).
-4
4 + 1 - (-6 + 3 - -10)
-2
3 + (-2 - 12) + 7
-4
What is the value of -9 + (1 + 8 + 1 - 5)?
-4
What is -5 + (3 - 0) + -5 + 2?
-5
What is the value of (7 - 3) + -8 - -6?
2
(-9 - 0) + 4 + (0 - 1)
-6
What is 3 + (4 + 0 - (-10 - -18))?
-1
3 + (-5 + 2 + 0 - -5)
5
Calculate -6 + 1 - (4 + (3 - 7)).
-5
Evaluate 26 + -30 - (5 + (1 - 1)).
-9
5 + -7 + 1 - (-2 - 2)
3
What is -8 + 5 + (-7 + 14 - 8)?
-4
0 - -4 - (2 + -2)
4
Calculate -1 - (4 + (6 - (4 - -4))).
-3
What is the value of (-2 - 0) + 9 + 1 + -4?
4
Calculate (-1 - 0 - 0) + 11 + -5.
5
4 + -7 - (1 + 2 - 3)
-3
Evaluate (-4 - -3 - 1) + 4 + -7.
-5
1 - 4 - -4 - 1
0
Calculate -3 + 11 + -8 - (-3 - -2).
1
What is 5 + -1 - 6 - (4 - 0)?
-6
Evaluate -3 + (20 + -14 - (2 - -1)).
0
What is -8 + (-11 - -19) + -2 + 0?
-2
What is the value of -17 + 20 - (-3 + 1 - -3)?
2
((5 - 5) + -3 - 3) + 5
-1
-6 - (-12 - 0 - (12 + -7))
11
Evaluate 2 + -2 + -4 + -42 + 52.
6
Evaluate -8 + -2 + 14 + -3.
1
What is 4 - (3 - (1 + -3))?
-1
1 + -6 + 6 + 4
5
Evaluate (3 - (0 + 1)) + -3.
-1
-198 + 196 + (1 - (-8 - -1))
6
What is (-1 + -7 - (9 + -13)) + -1?
-5
What is the value of -6 + (8 - 10 - -15)?
7
What is the value of 5 + -5 + (1 - (6 - 5))?
0
What is the value of (3 - 8) + 7 - 1?
1
3 + (5 - 5) + -1 + -3
-1
What is -10 + 3 + 4 + 11?
8
What is (-20 - (1 - 7)) + 7?
-7
What is the value of 7 - -1 - ((-31 - -11) + 32)?
-4
What is (-15 - -12) + -1 + -2?
-6
What is -6 - (-15 - (-11 - -4))?
2
What is 2 + -2 + 2 + (19 - 21)?
0
What is the value of (-2 - 1) + 2 - 3?
-4
What is 10 + (6 - (9 - -4))?
3
What is the value of (0 - (3 + (2 - 5))) + 7?
7
Evaluate -2 - -4 - -3 - 3.
2
Calculate (5 - 0) + 2 + -4.
3
What is -2 - (0 - (1 + 3))?
2
1 + 2 - (-1 + 0 + 2)
2
What is the value of 5 - -1 - (-17 - -22)?
1
Evaluate 1 + -1 - (-15 + 16) - 3.
-4
What is the value of (4 - 0) + (2 - 10)?
-4
Calculate 29 + -32 + (-2 - -5 - -1).
1
What is the value of -3 + (5 - 5 - -4)?
1
9 + (-25 - -3 - -7)
-6
What is (11 - (4 - -6)) + -3?
-2
Calculate -4 + 2 + (3 - (-2 - -4)).
-1
Calculate -6 - (2 - (-4 - -10)).
-2
What is the value of -4 + 7 + -4 - 0?
-1
1 - -2 - (14 + -8 + 2)
-5
Evaluate 4 + -7 - (4 - -1) - -4.
-4
Evaluate (2 - -1) + 2 + -1 - 4.
0
Evaluate 3 - (0 + -3 + 5).
1
Evaluate 117 + -129 + 2 + -1.
-11
What is 13 - 11 - 4 - (0 + 3)?
-5
What is the value of -2 + (-12 - (-23 - -12))?
-3
What is 6 + (0 - 6) + (-1 - -3)?
2
Calculate -13 - (3 + -11) - -1.
-4
66 + -71 + (12 - 1)
6
Calculate (-4 - (-7 + 3)) + 2.
2
2 + -1 + (-7 - -10)
4
Calculate (0 - -4) + -10 + 8.
2
What is the value of 15 + -26 - (4 + -10)?
-5
3 + -1 + (-11 - -11)
2
Calculate (6 + 3 - 22) + 10.
-3
Evaluate 10 + (0 - (7 + -2) - 0).
5
1 + -6 + 4 - -1
0
Evaluate 4 + 5 + -12 + 4.
1
What is -3 - (3 - (0 - (-3 - -1)))?
-4
Calculate 0 + -1 + -6 - (-12 + 2).
3
Calculate -4 + (-1 - -5) + -4.
-4
What is 9 + (2 - (3 + 7))?
1
What is the value of (-12 + 6 - (-1 + -1)) + 1?
-3
Evaluate 1 + 5 + 88 + -97.
-3
What is -5 + -3 - (4 + -12)?
0
Calculate -3 + 2 - -3 - -2.
4
2 - (1 + 3 + 2)
-4
Evaluate (-9 - (5 + -8)) + (-5 - -3).
-8
Calculate -2 - -7 - 5 - 1.
-1
Calculate 5 + (0 + -5 - 1).
-1
-1 - (-3 - 3) - (54 + -47)
-2
Evaluate 14 + -20 + -2 + 2.
-6
2 + 14 + -6 + -4 - 2
4
What is 2 + -7 - (23 + -26)?
-2
Evaluate (4 - -1) + (-9 - (-10 - -4)).
2
What is the value of 17 + (-8 - 16) + (-1 - 0)?
-8
Evaluate (20 - 19) + (0 - 6).
-5
What is the value of -12 - (3 + -16 + 8) - -15?
8
What is (-1 - 0) + 3 - (5 - 4)?
1
What is (6 - -1) + -6 + 7?
8
What is the value of (2 - 1 - -3) + 0 - 3?
1
(-42 - -51) + (0 - (1 + 3))
5
Calculate 3 + (-1 - (-1 - (4 - 4))).
3
Calculate -18 - (-2 - (0 + 4)) - -8.
-4
Evaluate -7 - 1 - (-8 + (9 - 4)).
-5
Evaluate -2 + -3 - -2 - 0.
-3
What is 3 - ((-3 - (-2 - 1)) + 0)?
3
Calculate (3 - 3) + (0 - 1).
-1
Evaluate 7 - (-9 + 4 + 19).
-7
What is (-25 - -8) + 1 - -7?
-9
Calculate (0 - (1 + -6)) + 0 + 0.
5
What is (3 - -2) + -3 + -52 + 53?
3
What is the value of 1 - (-2 - 4 - (15 + -25))?
-3
What is (-27 - -20) + 16 + -3?
6
What is the value of -6 + -5 + 2 + 4?
-5
Calculate (6 + -4 - -3) + -20 + 8.
-7
What is 2 + -1 - (46 + -42) - -3?
0
(-5 + 1 - -1) + 1
-2
What is the value of 5 + (2 - (-4 - -4)) + -5?
2
-4 + 6 + 1 + -4 - -6
5
What is the value of -5 + 2 + (3 - 4) + -1?
-5
What is the value of -2 + 3 + 2 + 6?
9
Evaluate 0 - (-20 - (-10 - 1)).
9
0 - -6 - (9 - 8)
5
What is -15 + 9 + -3 + 3?
-6
What is the value of 14 + -7 - (7 - 3)?
3
Calculate 2 - (5 + 0 + -1).
-2
-24 + 29 - (1 - (-2 - -2))
4
Calculate (-4 - (-8 - -4)) + 0 + -2.
-2
What is 0 - (-1 - (0 + 0))?
1
Evaluate 2 - (-4 - (5 + -12) - 1).
0
What is -8 + (-4 - (-12 - -5))?
-5
What is 5 + (-1 - 0) + -10?
-6
Calculate -4 + (0 - -2) - (-1 - 1).
0
What is 16 - (0 + 0 - (-39 - -34))?
11
(-9 - -4) + 7 + (-2 - 2)
-2
What is -5 - (-7 - 4 - -3)?
3
What is the value of 5 + 2 + (-1 - 2)?
4
Evaluate (-3 - 5) + (6 - 1) + -2.
-5
Calculate 1 + -2 - 1 - (6 - 2).
-6
What is the value of -7 - -17 - 10 - -2?
2
What is the value of -8 - (-2 - -3) - (18 - 22)?
-5
Evaluate -5 - (-7 + (3 - -2) - -3).
-6
Evaluate (-3 + 4 - -5) + -4.
2
Evaluate -10 + 14 + -2 + 3.
5
Calculate -9 + (0 - -7) + (-1 - 1).
-4
Calculate 8 + -10 + 1 + 0 + -2.
-3
What is 15 + -6 - (5 - 1)?
5
Evaluate (-4 - -2) + 0 + (5 - 0).
3
What is the value of 13 + -15 + 9 - (-2 - -7)?
2
-10 + -1 + (2 - -4)
-5
Calculate (1 - 0) + -1 + (-2 - 1).
-3
What is the value of -4 + (-2 - -6) + 0?
0
Evaluate (0 + 1 - 3) + (4 - -1).
3
Evaluate 7 + -9 + 1 + -5 - -5.
-1
Calculate 5 - (13 - 3) - -2.
-3
What is 3 - ((-8 - -10) + -1 + -1)?
3
What is the value of 0 + 1 + 2 - (-2 - -3)?
2
Calculate (2 - 6) + (-2 - -8).
2
4 + (2 - (1 - -6))
-1
What is -8 + (-7 - 2 - -7)?
-10
Evaluate -6 + 0 - (-4 + (-5 - -5)).
-2
What is the value of -58 + 52 + 1 + 1?
-4
-4 - -13 - (-3 + 7)
5
What is (5 + -3 - (-5 + -1)) + 0?
8
What is 8 - ((3 - 1) + (-2 - -4))?
4
What is 7 - 1 - 2 - (9 + -5)?
0
What is (3 + 3 - 3) + 0 + -4?
-1
88 + -83 + (1 - 0 - 4)
2
Evaluate 3 - 2 - 10 - -10.
1
What is -27 - -25 - (1 + (0 - 3))?
0
Evaluate (4 - -3 - 4) + (-4 - -5).
4
What is -1 + (0 - -1) + -2?
-2
Evaluate (1 - 0 - 4) + 6.
3
What is the value of (-7 - (-14 - -12)) + 1?
-4
Calculate (6 - (3 + -2 + 8)) + 9.
6
What is the value of 10 + -2 + (-1 - 9)?
-2
What is (-1 + 5 - -3) + -11?
-4
What is the value of (4 - 6) + -15 + 7 + 7?
-3
Calculate (-3 - 4) + 0 - (-1 - 3).
-3
-13 + 23 + -14 + 8 + 0
4
Calculate -5 + 3 + (6 - 8 - 0).
-4
What is the value of 0 - (2 - 1 - 5)?
4
What is (-1 - -4) + 2 + -2 + 0?
3
Calculate -2 - (-2 - -3) - (-7 - -9).
-5
Evaluate 0 + (-2 - -9) + -7.
0
What is -3 + (-1 - -2 - (28 + -34))?
4
What is the value of (6 - (5 + -2)) + -7?
-4
What is the value of (1 - (-7 + 1)) + -3?
4
What is the value of -1 + (-5 - -9 - -2) - 14?
-9
Calculate 10 - (5 + -13 - -16).
2
What is the value of (9 - 8) + 7 + -13?
-5
Calculate 4 + -2 + -3 + -2 + 5.
2
What is the value of -1 + 4 + -10 + 4 + 3?
0
0 - 6 - -10 - -1
5
Evaluate (16 + (-7 - -4) - 6) + -5.
2
What is the value of -2 + (5 - 4 - -7)?
6
What is the value of 1 - (-2 + 7) - (2 - 7)?
1
What is the value of (-1 - -7) + (-37 - -29)?
-2
What is 8 + -11 + 6 - (5 - 0)?
-2
Calculate 5 - (10 + 10 + -20).
5
What is the value of (1 - (2 + -1 + -1)) + 4?
5
Evaluate -1 + 1 - 0 - (39 + -37).
-2
What is the value of (0 - 1) + (10 + -14 - 2)?
-7
27 + -31 + -3 + 2
-5
6 + -5 + -8 - -2
-5
2 + 6 - (18 - 13) - -1
4
Evaluate (-12 - -4 - -7) + (0 - -6).
5
8 + (-27 - -9) + 8
-2
Evaluate (-4 - (-10 + 2) - 1) + -6.
-3
What is the value of 2 + (0 - 0) - 0 - -3?
5
Calculate 3 - -3 - (-13 + 18).
1
What is the value of -2 - 1 - -1 - -2 - 6?
-6
Evaluate (4 - 0) + (-12 - -6).
-2
What is the value of (0 + 5 - 4) + -5?
-4
Evaluate (-1 - (-2 - -6)) + 8.
3
Evaluate -6 - -5 - (-2 + 1) - -5.
5
What is 10 + -2 + -1 - 11?
-4
Evaluate -16 + -2 + 8 - -17.
7
What is the value of 0 + 3 + -2 + 1